e -1 + (6 - 9) - (-35 - -29).
2
What is the value of 12 + (-9 - -1) + 4 - -4?
12
Evaluate -154 - -166 - (-5 + -8).
25
Calculate 7 + 5 - (7 - 10).
15
Calculate -19 + 0 - -7 - -3.
-9
-4 - 12 - -37 - 10
11
11 + -18 + 6 + (8 - 0 - 3)
4
What is (-20 - -5) + 1 + (14 - 7)?
-7
(-7 - -7) + 11 + 1
12
Evaluate -3 + 18 + (2 - 8).
9
Calculate 31 + -15 + -3 + 1.
14
Evaluate (-12 - (-9 + 4)) + 3 - (0 - -5).
-9
Evaluate -483 - -470 - (1 - 5).
-9
Evaluate -4 - (((-2 - -4) + -6 - -2) + -3).
1
What is 1 - 22 - -14 - -15 - 16?
-8
Evaluate 1 - (8 + (-7 - 24) - -1) - 4.
19
Evaluate (-32 - -55 - 40) + 2.
-15
What is 13 - -12 - (-25 - -39)?
11
Evaluate (-2 - (-11 + 19)) + (-15 - -22).
-3
What is -10 + -12 + 1 + 13?
-8
Calculate 37 - (12 - (-21 + 17 - (2 - 9))).
28
Calculate (-5 + -3 + -1 - 8) + 9.
-8
Calculate (-1 - (-2 - 0)) + 4 + 408 + -397.
16
Calculate 21 + (-26 - -12) + (4 - 2).
9
What is the value of -1 + -1 - -9 - 14 - -7?
0
What is the value of -2 - (-14 + 2 + (12 - 13))?
11
What is 0 + -2 + (2 + 0 - -2) - 22?
-20
What is the value of (-36 + 3 - -25) + -6?
-14
-1 - (-4 + (3 + 1 + -1 - -4))
-4
Calculate -25 - (8 - (-4 - -37)).
0
What is -1 + 1 + 9 + (10 - (18 + 14))?
-13
What is 32 + 4 + (2 - 22)?
16
What is 4 + (-5 - 3) + (0 - -1) - -12?
9
What is (3 - 2) + 1 + (1 - (1 + -3))?
5
Calculate -16 + 9 + (-13 - -17) + (-15 - 2).
-20
What is the value of (2 - 2 - -2 - (41 - 47)) + -5?
3
38 + -12 + (-19 - -3)
10
What is (-16 + (6 - 2) - -5) + 16 + -9?
0
What is the value of (-4 - -5 - 13) + 74 + -83 + 9?
-12
Calculate (3 - 0) + (-10 - -16) + 7 + -24.
-8
Evaluate 1 + -16 + 17 + -17.
-15
Evaluate (1 - 10) + -527 + 559.
23
What is (3 - 2 - (12 + 8 + -7)) + 5?
-7
What is the value of (1 - -1) + -1 - (11 - (-14 + 21))?
-3
(8 - (-26 - -17)) + -18
-1
Evaluate (-2 - (0 + 4)) + -28 + 31 + -3.
-6
What is the value of (104 - 112) + 9 + 2?
3
8 + (-3 + -2 - ((-1 - -8) + -11))
7
Calculate -2 + (-1 - -3) - -14.
14
5 + 2 - (-2 - (-4 - (-5 + 5)))
5
What is 11 - 17 - -3 - 14?
-17
What is the value of (26 - (-53 - -82)) + 2 + 15?
14
What is -3 + 17 + -12 + 0 + -20?
-18
Calculate (384 - 353) + (-1 + -1 - -2).
31
What is -5 + (-15 - (7 + -11))?
-16
Calculate -1 + 2 + 3 - (960 + -979).
23
-4 + (-8 - -11) + 2 - 0
1
What is 4 + (2 - (10 + -2) - -5)?
3
(0 - -1) + 59 + -62
-2
-26 + 7 + (3 - 1 - -5)
-12
What is (-24 - -33) + (-5 - (-1 + 2))?
3
What is 85 + -86 + 1 + 3 + -16?
-13
Calculate (1 - 4) + (3 - 7) + (4 - 1).
-4
Evaluate (0 + 5 - 13) + 6.
-2
What is the value of -2 + 28 + -53 + 25?
-2
What is the value of (6 - (6 + -3)) + -11 + 14 + -1?
5
Calculate (-18 - -2) + (38 - 16).
6
What is -21 + 44 - (-1 - (-1 - 7))?
16
Evaluate 2 + 5 + -143 + 146.
10
What is the value of (41 - 7) + -18 - (31 - 1)?
-14
Evaluate (-19 - -23) + (-1 - 4 - -20).
19
-38 + 21 + (-27 - -16) + 9
-19
Evaluate -3 + 4 - (33 + -24 + -12 + 2).
2
(-1 - -9) + (-22 - -12) + -6
-8
Calculate -7 - (3 + -10) - (1 + -9).
8
What is 0 - (24 - 13) - -20?
9
Evaluate 1 + -8 - (-48 + 2 - -17).
22
What is 10 - (-3 - (-5 - -10))?
18
47 - (8 + -1 - (-34 - -34) - -3)
37
Calculate 9 + -9 + -3 + -6 - 2.
-11
Calculate 6 - (-6 - -17) - -7 - 7 - -11.
6
What is 1 - 0 - (-15 - -12 - -16) - -5?
-7
Evaluate 4 - 0 - 12 - (4 + -6).
-6
What is (-17 + 10 - (4 - -1)) + -1?
-13
What is the value of (10 - (7 + (7 - 6))) + 6?
8
Evaluate -20 - (4 + -6) - (-2 + -4 + 0).
-12
Evaluate (-4 + 15 - (11 - 2)) + -8.
-6
What is 17 - (2 + (2 + 1 - (-18 - -17)))?
11
What is -4 + 24 - 9 - 22?
-11
22 + -5 - (31 - 61 - -27)
20
What is (-6 - -7) + 19 - 1 - -6 - 3?
22
Calculate 4 + -4 - (5 + (-4 - -6)).
-7
Evaluate (13 - 38) + 13 + (3 - 18).
-27
What is the value of (-11 - 3) + -21 + 37?
2
-12 - -6 - -9 - (7 - 0)
-4
What is the value of -1 + 3 + (7 - 17 - 6) + 33?
19
Calculate (1405 - 1385) + (-28 - 0).
-8
Evaluate (0 - 1) + 9 - (-55 - -63).
0
Evaluate 49 + -32 + -29 + (-2 - -9).
-5
What is 5 + 1 - ((8 - -1) + 48 + -51)?
0
5 - 24 - (-4 + -13)
-2
Calculate -24 + -5 + 11 - -8.
-10
What is the value of -1 - -5 - (-2 - -2 - 8 - -12)?
0
Calculate -9 + (34 - 0 - 13).
12
What is 7 - (5 - 1 - (17 + -9))?
11
Evaluate -2 + -3 - -1 - (-10 - -5 - 1).
2
Calculate -1 + -4 - (3 - -9 - (113 - 102)).
-6
What is 2 - (1 - (5 - 7) - 0)?
-1
What is 1 - -6 - (3 - (13 + -5 + -3))?
9
What is -16 - (-9 - (0 - 0))?
-7
(-6 + (-2 - -5) - -8) + -18 + 7
-6
What is the value of 4 + -67 + 22 - -24 - (11 - 0)?
-28
Calculate (2 - (-3 - -1)) + -5 + 3 + 2.
4
-5 + (12 - 7) - (14 + -1)
-13
-4 + 6 + (1 - -2) - -13
18
(3 - (-25 + 32)) + 1 + 42
39
What is (5 - 6) + 18 + -161 + 147?
3
Evaluate 2 + (-8 - -5) + (11 - (-13 + 21)).
2
What is the value of -44 + 22 + 6 - -10?
-6
Evaluate -2 + 10 + -21 + 1.
-12
Calculate (9 - 4) + -13 + 4 + (-12 - 0).
-16
-3 - -1 - (33 + -6 - 9)
-20
Evaluate 6 - (-6 + (0 - -1) - (-20 + 7)).
-2
Calculate -18 + (2 - -12) + 15 + -1 + 2.
12
Evaluate 9 - (24 - 4) - -13.
2
Calculate -8 - 1 - (96 + -94).
-11
What is the value of 2 + 1 - (79 - 68) - -8?
0
Evaluate (0 - (11 + -22)) + -3.
8
Calculate -6 - (16 - (0 + 10) - -9 - 4).
-17
What is -16 - -4 - -3 - (34 + -41)?
-2
Calculate (-32 - (-10 + -26)) + -31.
-27
What is the value of (-6 + (5 - 9) - 1) + 5?
-6
What is 252 + -255 - (6 - 0) - (0 - -15)?
-24
What is 1 + -1 + -13 + (29 - (-11 - -19))?
8
Evaluate -12 - (10 - (16 - (-36 + 2))).
28
Calculate (-36 - -7) + (15 - 2).
-16
(-18 - 22) + 9 + 21
-10
Calculate -19 + (30 - 17) + (-4 - 1).
-11
Calculate -4 + (0 - 5) + -1 + 9.
-1
Evaluate 412 - 389 - ((-1 - -4) + 0) - -9.
29
What is -5 + 32 + -41 + (-2 - 0)?
-16
What is -1 + -6 + (4 - (26 + -30))?
1
Calculate -5 - (-1 - -6) - (13 + -12 + 6).
-17
What is the value of 10 + (-20 - -37 - 44)?
-17
Calculate 8 + -28 - (-63 - -50).
-7
Evaluate (0 - 1) + 17 + -14 + (-9 - 5).
-12
Calculate -6 - (-2 + -1 - 2 - 6 - -34).
-29
What is the value of -898 - -920 - (-1 - -13)?
10
What is -16 + 3 - -23 - 13?
-3
What is (-48 - -22) + 25 - (16 - -3)?
-20
What is -25 - -14 - (6 + -9)?
-8
2 - (33 - 18) - -23
10
Calculate (0 - 5) + (36 - 46) + 17 + 7.
9
What is the value of -7 - -4 - 1 - -5?
1
Calculate (2 - -2) + (-39 - -28) + -28.
-35
Calculate 0 - (-3 + (0 + 3 - 4)).
4
What is the value of -20 + (0 - (3 - 18))?
-5
Calculate 23 + (12 - (18 - 0)).
17
What is the value of (4 + -11 - (11 - 8)) + -7?
-17
What is 1 + (-12 - 3 - -20 - (-1 - 29))?
36
-8 + (-8 - (3 - (8 - (-2 + 1))))
-10
Calculate 52 - 45 - -1 - (1 - (-1 + 21)).
27
What is 12 - -22 - 27 - 10?
-3
-27 - (-41 - -16) - (2 - 13)
9
What is the value of (19 - 30) + (-4 - -13) + -6?
-8
What is the value of 6 + (-2 - 16) - (-1 + -6 + 1)?
-6
Calculate (-1 - -6 - 6) + 11.
10
Evaluate 43 - (35 + -5) - 39.
-26
Calculate 27 + -14 - 19 - -22.
16
What is -4 - (15 - (35 - 24))?
-8
What is (-25 - 23) + 52 + 6 + (1 - 2)?
9
What is 7 - (-18 + 0 + 17 + 9 + -35)?
34
Evaluate (-3 - (3 - -23)) + (-96 - -106) - 4.
-23
Evaluate 4 - (-3 - (-11 + 14)) - (4 + -1).
7
What is the value of 61 + -37 + 24 - 19 - (4 - 1)?
26
Calculate 1 - (4 + -24 + 32).
-11
What is the value of (-1 - (-16 + 5)) + 3?
13
Calculate (-3 + (1 - 10) - -2) + -1.
-11
What is the value of 12 + (10 - 18) + (-1 - 3)?
0
What is 1 - 7 - (14 + -14 + (-10 - -13))?
-9
What is the value of (-16 - -17) + 0 + 4 - 8?
-3
What is the value of -710 - -720 - (0 - (-11 - 1))?
-2
What is (20 - 0) + -64 + 46?
2
Evaluate (31 - 31) + (-15 - -2).
-13
What is the value of (1 - 1) + (0 - -4) + 6?
10
What is 1 - -1 - (29 - (44 - 14))?
3
Calculate (1 - -2) + (-18 - -14) + -2.
-3
49 + 11 + -33 + -8
19
Calculate (-4 - (16 + -19)) + -2 + -5.
-8
Calculate -1 + -25 - (-1080 - -1080).
-26
(6 + -1 - (-20 + 38 + -7)) + -6
-12
Calculate (15 - 24) + 15 + (3 - 4).
5
(1 - (-6 + 0) - 6 - 1) + -14
-14
1 + -1 - (-16 - (4 - 3))
17
Evaluate 18 - ((25 - 8) + (7 - 11) + -5).
10
What is the value of 205 + -220 + (-1 - -14)?
-2
Calculate (2 + -2 + 1 - 1) + 30 + -29.
1
Evaluate -13 + 4 + -3 + 3 + (8 - -39).
38
Evaluate (3 - 21 - 4 - -10) + -1.
-13
Calculate -22 + 1 - (-382 + 364).
-3
Calculate 5 + -30 + (40 - 5) + (1 - -6).
17
What is the value of (1 - 11) + 74 + -60?
4
What is 146 + -149 - (2 - 0)?
-5
What is the value of -457 + 444 + (1 - 2)?
-14
Calculate 50 + -52 - (2 - 11).
7
What is the value of 7 - (49 + -14 + -2)?
-26
Calculate 3 + -3 - (14 + -1 + 160 + -168).
-5
Evaluate -3 + (-4 + 2 - -1) + 1.
-3
What i